{"id":9121,"date":"2021-12-07T12:29:52","date_gmt":"2021-12-07T09:29:52","guid":{"rendered":"http:\/\/192.168.1.25\/nehir\/?post_type=product&#038;p=9121"},"modified":"2024-01-02T22:22:28","modified_gmt":"2024-01-02T19:22:28","slug":"nhr-6006","status":"publish","type":"product","link":"https:\/\/web-demo.com.tr\/kuaformalzeme\/urun\/nhr-6006\/","title":{"rendered":"NHR-6006"},"content":{"rendered":"<p>Bayan Kuaf\u00f6r salonlar\u0131n\u0131n vazge\u00e7ilmezi imkans\u0131z<br \/>\nA\u011fda Yataklar\u0131na Yeni Bir Yorum Getirdik\u2026<\/p>\n<p>Daha rahat daha fonksiyonel.<\/p>\n","protected":false},"excerpt":{"rendered":"<p>Bayan Kuaf\u00f6r salonlar\u0131n\u0131n vazge\u00e7ilmezi imkans\u0131z A\u011fda Yataklar\u0131na Yeni Bir Yorum Getirdik\u2026 Daha rahat daha fonksiyonel.<\/p>\n","protected":false},"featured_media":10555,"comment_status":"open","ping_status":"closed","template":"","meta":[],"product_cat":[48],"product_tag":[84],"class_list":["post-9121","product","type-product","status-publish","has-post-thumbnail","hentry","product_cat-agda-yataklari","product_tag-agda-yataklari"],"_links":{"self":[{"href":"https:\/\/web-demo.com.tr\/kuaformalzeme\/wp-json\/wp\/v2\/product\/9121","targetHints":{"allow":["GET"]}}],"collection":[{"href":"https:\/\/web-demo.com.tr\/kuaformalzeme\/wp-json\/wp\/v2\/product"}],"about":[{"href":"https:\/\/web-demo.com.tr\/kuaformalzeme\/wp-json\/wp\/v2\/types\/product"}],"replies":[{"embeddable":true,"href":"https:\/\/web-demo.com.tr\/kuaformalzeme\/wp-json\/wp\/v2\/comments?post=9121"}],"version-history":[{"count":1,"href":"https:\/\/web-demo.com.tr\/kuaformalzeme\/wp-json\/wp\/v2\/product\/9121\/revisions"}],"predecessor-version":[{"id":9123,"href":"https:\/\/web-demo.com.tr\/kuaformalzeme\/wp-json\/wp\/v2\/product\/9121\/revisions\/9123"}],"wp:featuredmedia":[{"embeddable":true,"href":"https:\/\/web-demo.com.tr\/kuaformalzeme\/wp-json\/wp\/v2\/media\/10555"}],"wp:attachment":[{"href":"https:\/\/web-demo.com.tr\/kuaformalzeme\/wp-json\/wp\/v2\/media?parent=9121"}],"wp:term":[{"taxonomy":"product_cat","embeddable":true,"href":"https:\/\/web-demo.com.tr\/kuaformalzeme\/wp-json\/wp\/v2\/product_cat?post=9121"},{"taxonomy":"product_tag","embeddable":true,"href":"https:\/\/web-demo.com.tr\/kuaformalzeme\/wp-json\/wp\/v2\/product_tag?post=9121"}],"curies":[{"name":"wp","href":"https:\/\/api.w.org\/{rel}","templated":true}]}}