{"id":9057,"date":"2021-12-06T15:49:31","date_gmt":"2021-12-06T12:49:31","guid":{"rendered":"http:\/\/localhost\/nehir\/?post_type=product&#038;p=9057"},"modified":"2024-01-02T10:16:41","modified_gmt":"2024-01-02T07:16:41","slug":"nhr-114","status":"publish","type":"product","link":"https:\/\/web-demo.com.tr\/kuaformalzeme\/urun\/nhr-114\/","title":{"rendered":"NHR-114"},"content":{"rendered":"<p>M\u00fckemmel esneklik,<br \/>\nDo\u011fal Oturu\u015fu, koruyarak M\u00fc\u015fterilerinizin daha Rahat etmesini ama\u00e7lar.<\/p>\n<p>D\u00f6kme s\u00fcnger \u00fczeri deri kaplama.<\/p>\n","protected":false},"excerpt":{"rendered":"<p>M\u00fckemmel esneklik, Do\u011fal Oturu\u015fu, koruyarak M\u00fc\u015fterilerinizin daha Rahat etmesini ama\u00e7lar. D\u00f6kme s\u00fcnger \u00fczeri deri kaplama.<\/p>\n","protected":false},"featured_media":9058,"comment_status":"open","ping_status":"closed","template":"","meta":[],"product_cat":[31],"product_tag":[82],"class_list":["post-9057","product","type-product","status-publish","has-post-thumbnail","hentry","product_cat-berber-koltuklari","product_tag-berber-koltuklari"],"_links":{"self":[{"href":"https:\/\/web-demo.com.tr\/kuaformalzeme\/wp-json\/wp\/v2\/product\/9057","targetHints":{"allow":["GET"]}}],"collection":[{"href":"https:\/\/web-demo.com.tr\/kuaformalzeme\/wp-json\/wp\/v2\/product"}],"about":[{"href":"https:\/\/web-demo.com.tr\/kuaformalzeme\/wp-json\/wp\/v2\/types\/product"}],"replies":[{"embeddable":true,"href":"https:\/\/web-demo.com.tr\/kuaformalzeme\/wp-json\/wp\/v2\/comments?post=9057"}],"version-history":[{"count":1,"href":"https:\/\/web-demo.com.tr\/kuaformalzeme\/wp-json\/wp\/v2\/product\/9057\/revisions"}],"predecessor-version":[{"id":9059,"href":"https:\/\/web-demo.com.tr\/kuaformalzeme\/wp-json\/wp\/v2\/product\/9057\/revisions\/9059"}],"wp:featuredmedia":[{"embeddable":true,"href":"https:\/\/web-demo.com.tr\/kuaformalzeme\/wp-json\/wp\/v2\/media\/9058"}],"wp:attachment":[{"href":"https:\/\/web-demo.com.tr\/kuaformalzeme\/wp-json\/wp\/v2\/media?parent=9057"}],"wp:term":[{"taxonomy":"product_cat","embeddable":true,"href":"https:\/\/web-demo.com.tr\/kuaformalzeme\/wp-json\/wp\/v2\/product_cat?post=9057"},{"taxonomy":"product_tag","embeddable":true,"href":"https:\/\/web-demo.com.tr\/kuaformalzeme\/wp-json\/wp\/v2\/product_tag?post=9057"}],"curies":[{"name":"wp","href":"https:\/\/api.w.org\/{rel}","templated":true}]}}